40?
28
Let t be (2478/(-63))/(3/(-9) + 1). Let x = t - -60. Suppose 0 = 3*f - 5 - 1. What is the highest common divisor of x and f?
1
Suppose 61 = 3*w - g - 143, 5*w + 2*g = 318. Let l = -2 - -2. Suppose l = -3*t + 4*q + 82, 2*q = 7*q + 20. What is the greatest common factor of t and w?
22
Let l = 11214 + -10926. Calculate the greatest common factor of l and 4032.
288
Let y be 15604*(-10)/(-20) + -5. What is the greatest common divisor of y and 226?
113
Let f(x) = -x**3 - 7*x**2 + x - 11. Let l be f(-7). Let c = -18 - l. Let z be (-5)/(c - (-3)/(-6)). What is the greatest common divisor of 45 and z?
5
Let i = 32 + -11. Suppose 0 = i*j - 86 - 271. Let b be 18/(-18) - 154/(-1). Calculate the greatest common divisor of j and b.
17
Suppose 112*h = -55*h - 480*h + 863098. Calculate the highest common factor of 322 and h.
46
Let b = 688 - 563. Let q = b - 119. Suppose -4*i = -5*t - 11, 4*t - t = 2*i - 3. What is the greatest common factor of q and i?
3
Let l(v) = 6*v**2 - 188*v. Let z be l(34). Calculate the highest common factor of z and 1156.
68
Let t(s) = -2*s**3 + 75*s**2 + 42*s - 148. Let h be t(38). Calculate the highest common divisor of h and 151.
1
Let y(v) = 40*v**2 - v. Let b be y(1). Let j = 1617 + -1621. Let g = b + j. What is the greatest common factor of 7 and g?
7
Let h = 1731 - 1695. Calculate the highest common divisor of 828 and h.
36
Suppose -67 = -3*h + b - 2*b, b = 4*h - 101. Let d(m) = 3*m**2 - 20*m - 19 + 3*m**2 - 5*m**2. Let t be d(h). What is the highest common factor of 11 and t?
11
Let n be 16 + 0 + (0 - 2). Let r(w) = -w**3 - 20*w**2 + 11*w - 42. Let c be r(-21). Let x = c - 140. Calculate the highest common factor of x and n.
14
Let n(u) = -6*u + 159. Let a(o) = 6*o - 157. Let x(m) = -3*a(m) - 4*n(m). Let c be x(33). What is the highest common divisor of 3 and c?
3
Let b be 40506/26 + (-47)/(-611). Calculate the greatest common factor of b and 410.
82
Suppose 37*l + 90 = 42*l. Suppose 0*k = k + 2*t - 21, -4*t - l = -2*k. Let x = -11 + 31. What is the greatest common factor of k and x?
5
Let r(x) = -x**2 + 25*x - 70. Suppose 0 = -93*k + 97*k - 72. Let a be r(k). What is the greatest common divisor of 12 and a?
4
Suppose -16*x + x = 300. Let h be (14/(-2) - -1) + (-80)/x. Let j be (-12)/4 + (-2)/(h/43). What is the highest common divisor of j and 32?
8
Suppose 533 - 173 = v. Let j = -331 - -475. Calculate the greatest common divisor of j and v.
72
Let q = -348 + 380. Suppose 36*i - 132 = q*i. Calculate the greatest common factor of i and 33.
33
Suppose -8*c - 59 - 245 = 0. Let z = c + 116. What is the greatest common divisor of 208 and z?
26
Let s = 1248 - 1152. Calculate the highest common factor of 1872 and s.
48
Let f = 115 + -91. Let v be 4*(-2)/f*-39. Let o be 24*1 - (14 + -16). What is the greatest common factor of v and o?
13
Suppose 0*f = f - 405. Suppose 53*c - 58*c = 3*z + 2936, 5*z = -4*c - 4902. Let t = z + 1027. What is the highest common factor of t and f?
45
Let v(o) = 2*o**2 - 18*o + 14. Let x(j) = 2*j + 8. Let u be x(0). Let s be v(u). Let i be s - -6 - (3 + -2). Calculate the highest common factor of 27 and i.
3
Suppose -9 = 3*l, -2*l + 134 = -3*p - p. Let z be 52 - (4 + -7 - (-3)/(-3)). Let v = p + z. Calculate the highest common factor of v and 21.
21
Suppose 3*m - 23 = 1. Let k(v) = 3*v - 5*v - 26 + 21 - 5*v. Let a be k(-3). Calculate the greatest common divisor of m and a.
8
Suppose 8*d - 10*d - 57 = -5*s, 2*s + 2*d = 20. Suppose -7*w + 16*w = 396. Calculate the highest common factor of s and w.
11
Suppose -c = 4*m - 66125, -9*m + 66123 = -5*m - c. Calculate the greatest common divisor of 61 and m.
61
Let f(z) = 5*z**2 - z + 28. Let k be f(7). Let m = k - 215. Calculate the highest common factor of m and 34.
17
Let s(b) be the first derivative of -2*b**2 + 1/4*b**4 + 5*b**3 + 4*b - 35. Let d be s(-15). Calculate the greatest common divisor of d and 8.
8
Let q(n) = 4*n**2 + n. Let o be q(-1). Suppose -5*i = 3*d - 46, 0 = 4*d + o*i + i - 56. Suppose 15*c = d*c + 30. What is the greatest common divisor of c and 2?
2
Let m be (8/6)/(18/((-864)/80) - -2). What is the greatest common divisor of m and 1324?
4
Let f be (5310/(-60))/(1/4*-2). Suppose 0 = 181*m - f*m - 320. What is the greatest common factor of 64 and m?
16
Let d = -42515 - -42645. What is the greatest common factor of 17004 and d?
26
Suppose -50*x + 48*x = -36. Let c(w) = w**3 + 5*w**2 - w + 5. Let n be c(-6). Let k = 20 - n. Calculate the greatest common factor of x and k.
9
Suppose -174*g = -175*g + 96. Let s = 1682 + -1554. What is the highest common divisor of s and g?
32
Suppose 0 = h + 5*r - 35, -r = 5*h + 2*r - 87. Let g = -10 - h. Let s = g - -83. What is the greatest common divisor of s and 145?
29
Suppose -21*x + 37*x - 1088 = 0. Calculate the highest common divisor of x and 148.
4
Let c(r) = r**3 - 7*r**2 + r + 14. Let h be c(8). Let m be h/1 + -3 + -2. Let i be ((-2)/3)/((-2)/m). What is the highest common divisor of i and 189?
27
Suppose -11*q = 52 + 894. Let u be (-3)/2*(28/(-7) + q). Calculate the greatest common factor of u and 45.
45
Suppose 2*n = -j + 242, -5*n + 6*j - 4*j = -623. What is the greatest common divisor of 5084 and n?
41
Let d(y) = -268*y + 2. Let s be d(1). Let i = s - -552. Let q be (-1 - 0)/(-1) + 25. What is the greatest common factor of i and q?
26
Suppose 10*c - 909 - 631 = 0. What is the greatest common factor of c and 1100?
22
Let b = 2368 + -2104. What is the highest common factor of b and 120?
24
Suppose 1918*a - 1919*a - 224 = -3*x, 2*x - 2*a = 160. Calculate the greatest common divisor of 6144 and x.
24
Suppose 36*d - 7800 = -14*d. Calculate the greatest common divisor of 416 and d.
52
Suppose t + 79 = 3*b + 5, -52 = -2*b + 2*t. Let k be 3*(-3)/(2 - 5). Let i be (6/(-10))/(k/(-90)). What is the highest common divisor of i and b?
6
Let f be (-46)/(-4) + 3/(-2). Let x = 4167 + -4057. Calculate the highest common divisor of f and x.
10
Let g be (219/(-4))/((-19)/3040). Calculate the greatest common divisor of g and 120.
120
Suppose 6*k = 8*k - 3*b - 252, -8 = -4*b. Calculate the highest common factor of k and 172.
43
Suppose 7 = -5*u - 98. Let p = u + 21. Suppose p*a - 3*a + 72 = 5*t, 5*t - 4*a - 44 = 0. What is the greatest common divisor of t and 48?
12
Let h = -134 - -226. Suppose -140 = -h*o + 90*o. Calculate the greatest common divisor of 105 and o.
35
Suppose -f = 131*i - 136*i + 87, 0 = 4*i + f - 66. Calculate the greatest common factor of i and 51.
17
Let l(c) = 3*c**2 - 5*c - 24. Suppose 2*i = -2*v - 2, 23*v - 28*v + 4*i - 23 = 0. Let p be l(v). What is the highest common factor of p and 66?
6
Let u be 0 + -40 - 0/9. Let q be 5/u + 1509/(-24). Let y = q - -83. Calculate the highest common divisor of y and 8.
4
Suppose -9*i = 9*i - 3960. Let u = -7 + 27. What is the highest common factor of i and u?
20
Suppose b - 352 = 4*j, 3*b - 1028 = j + 4*j. Suppose -2*x + 28 = 2*x. Calculate the highest common factor of x and b.
7
Let r(k) = k**2 + 37*k + 147. Let d be r(-22). Let n = 213 + d. Calculate the greatest common divisor of 20 and n.
10
Let q be 2/9*(-18)/(-2). Let t(m) = 9*m**3 - 4*m**2 + 2*m + 2. Let n be t(q). Let d be n + 2/1 + -1. Calculate the greatest common factor of d and 42.
21
Let o be (40/(9 - 13))/(-2). What is the greatest common divisor of o and 4925?
5
Let x(d) = -756*d - 21. Let y be x(-1). Calculate the highest common divisor of 1911 and y.
147
Suppose 223*r = 205*r + 80262. Calculate the highest common divisor of r and 91.
91
Let a be (-11)/66 - (-577)/6. Let t = -678 - -702. What is the greatest common factor of a and t?
24
Let x be (7 - -24) + (2 - 1). Let a(f) = 37*f + 5. Let u be a(-1). Let q be 2/((-132)/u - 4). What is the greatest common divisor of q and x?
16
Let x(b) = 3*b**2 + 32*b + 50. Let z be x(-12). Let a be (-1)/(4/(-14))*10. Calculate the greatest common factor of a and z.
7
Suppose 0 = -40*f + 44*f - 80. Suppose 104 = 4*y - 0*y. Suppose -y*l = -28*l + 60. Calculate the greatest common factor of f and l.
10
Let o be (-643588)/(-220) - (3/1)/(30/4). What is the greatest common factor of 468 and o?
117
Let d = -198 + 331. Let w = d + -124. What is the highest common factor of w and 261?
9
Let h be 3/((-171)/(-95))*78. What is the greatest common divisor of 1